-111111
What is -a (base 14) in base 9?
-11
Convert -10 (base 2) to base 13.
-2
Convert 5 (base 9) to base 11.
5
What is 9 (base 10) in base 11?
9
30 (base 4) to base 16
c
What is 6 (base 7) in base 16?
6
-15 (base 7) to base 16
-c
-13 (base 7) to base 12
-a
What is 4 (base 13) in base 7?
4
Convert -10200 (base 3) to base 16.
-63
Convert 50 (base 6) to base 8.
36
Convert -8 (base 16) to base 3.
-22
Convert 21 (base 13) to base 3.
1000
-80 (base 12) to base 13
-75
Convert 323 (base 4) to base 10.
59
What is 1234 (base 5) in base 7?
365
Convert -1 (base 3) to base 6.
-1
What is -5 (base 6) in base 4?
-11
-5 (base 14) to base 10
-5
What is 201 (base 11) in base 2?
11110011
What is 4 (base 6) in base 9?
4
What is 0 (base 9) in base 5?
0
4 (base 10) to base 8
4
Convert 1111101 (base 2) to base 8.
175
Convert 0 (base 6) to base 8.
0
Convert -1 (base 4) to base 2.
-1
-2 (base 13) to base 10
-2
11022 (base 4) to base 16
14a
What is 13 (base 5) in base 3?
22
Convert -1221 (base 4) to base 5.
-410
7 (base 12) to base 10
7
-4 (base 10) to base 7
-4
31 (base 5) to base 10
16
-2001 (base 3) to base 10
-55
Convert b (base 15) to base 9.
12
What is 1 (base 7) in base 12?
1
Convert 22 (base 6) to base 3.
112
Convert 50 (base 13) to base 6.
145
-15 (base 9) to base 15
-e
1 (base 4) to base 15
1
Convert 1000100 (base 2) to base 4.
1010
Convert -4 (base 10) to base 7.
-4
Convert -102 (base 3) to base 10.
-11
-26 (base 13) to base 4
-200
2331 (base 4) to base 14
d7
2 (base 9) to base 7
2
Convert 2 (base 9) to base 15.
2
What is 10 (base 3) in base 11?
3
What is 30 (base 5) in base 3?
120
What is -9 (base 14) in base 3?
-100
61 (base 7) to base 8
53
What is 2 (base 13) in base 2?
10
Convert 101 (base 3) to base 6.
14
What is -44 (base 13) in base 11?
-51
-43 (base 16) to base 10
-67
What is -2 (base 14) in base 4?
-2
-69 (base 14) to base 2
-1011101
Convert 13 (base 9) to base 6.
20
Convert 9 (base 11) to base 3.
100
d (base 15) to base 11
12
What is -21 (base 4) in base 15?
-9
104 (base 7) to base 6
125
6 (base 11) to base 6
10
-1 (base 11) to base 15
-1
Convert 15 (base 15) to base 5.
40
2d (base 14) to base 5
131
What is -10120 (base 3) in base 15?
-66
Convert 169 (base 11) to base 8.
304
Convert 1110 (base 2) to base 5.
24
What is -c8 (base 14) in base 13?
-107
What is 104 (base 5) in base 12?
25
Convert -153 (base 7) to base 11.
-7a
What is 1 (base 2) in base 5?
1
What is -157 (base 9) in base 12?
-b1
What is -a (base 16) in base 4?
-22
What is 12220 (base 4) in base 2?
110101000
Convert -10001100 (base 2) to base 9.
-165
What is -30 (base 8) in base 3?
-220
What is 13 (base 12) in base 13?
12
1 (base 2) to base 8
1
21 (base 10) to base 4
111
Convert 2 (base 8) to base 11.
2
What is -1 (base 6) in base 2?
-1
What is -2 (base 4) in base 12?
-2
-11 (base 3) to base 14
-4
Convert 10 (base 4) to base 9.
4
What is 80 (base 12) in base 7?
165
0 (base 10) to base 14
0
Convert -1 (base 8) to base 9.
-1
-21 (base 11) to base 3
-212
What is 73 (base 12) in base 8?
127
What is 2 (base 11) in base 12?
2
-101 (base 2) to base 16
-5
100212 (base 3) to base 10
266
Convert 11 (base 4) to base 6.
5
Convert -10 (base 9) to base 12.
-9
Convert 4 (base 14) to base 7.
4
What is -2002 (base 4) in base 16?
-82
Convert -3 (base 5) to base 9.
-3
Convert -6 (base 15) to base 14.
-6
Convert 1100 (base 2) to base 12.
10
What is -4 (base 6) in base 10?
-4
What is -3 (base 14) in base 5?
-3
What is -13 (base 4) in base 15?
-7
What is -12 (base 8) in base 4?
-22
-8 (base 9) to base 10
-8
Convert 18 (base 11) to base 8.
23
Convert 10 (base 2) to base 16.
2
Convert -b6 (base 13) to base 3.
-12112
What is -82 (base 14) in base 7?
-222
3 (base 9) to base 7
3
Convert -8c (base 15) to base 10.
-132
1111111 (base 2) to base 5
1002
Convert -137 (base 8) to base 2.
-1011111
What is -1222 (base 3) in base 15?
-38
Convert -230 (base 5) to base 11.
-5a
Convert -1121 (base 3) to base 7.
-61
What is 2 (base 3) in base 2?
10
Convert 32 (base 14) to base 16.
2c
Convert -40 (base 5) to base 13.
-17
Convert 3 (base 4) to base 10.
3
Convert -10 (base 2) to base 15.
-2
Convert 2 (base 13) to base 7.
2
-5 (base 6) to base 4
-11
Convert 1 (base 11) to base 2.
1
-26 (base 14) to base 10
-34
Convert 0 (base 6) to base 7.
0
-35 (base 15) to base 4
-302
Convert -34 (base 9) to base 4.
-133
Convert -12 (base 11) to base 6.
-21
-110 (base 2) to base 6
-10
What is -3 (base 16) in base 4?
-3
Convert -22 (base 5) to base 3.
-110
Convert 0 (base 11) to base 6.
0
Convert 2 (base 16) to base 14.
2
What is 1212 (base 3) in base 7?
101
Convert 0 (base 15) to base 14.
0
Convert 123 (base 7) to base 11.
60
60 (base 9) to base 6
130
Convert -79 (base 13) to base 8.
-144
Convert -2 (base 9) to base 15.
-2
Convert 40 (base 8) to base 10.
32
What is -5 (base 7) in base 13?
-5
4 (base 7) to base 6
4
66 (base 16) to base 5
402
What is -321 (base 7) in base 14?
-b8
What is -4 (base 9) in base 8?
-4
What is -7 (base 12) in base 8?
-7
What is -201 (base 7) in base 9?
-120
20002 (base 3) to base 13
c8
-1 (base 15) to base 6
-1
-2 (base 12) to base 8
-2
Convert -b (base 13) to base 11.
-10
-20 (base 3) to base 10
-6
Convert -10 (base 3) to base 15.
-3
What is 242 (base 11) in base 3?
101200
What is 3 (base 7) in base 16?
3
What is -116 (base 13) in base 3?
-20222
Convert -1 (base 9) to base 2.
-1
Convert 12 (base 5) to base 14.
7
-54 (base 6) to base 4
-202
What is -22 (base 5) in base 14?
-c
-31 (base 11) to base 3
-1021
What is -37 (base 9) in base 4?
-202
Convert 3 (base 16) to base 8.
3
Convert 193 (base 11) to base 6.
1011
Convert 10 (base 2) to base 9.
2
Convert -2 (base 16) to base 8.
-2
Convert 62 (base 10) to base 8.
76
What is 3 (base 4) in base 10?
3
5b (base 12) to base 9
78
5 (base 10) to base 12
5
What is 11011011 (base 2) in base 4?
3123
What is 92 (base 16) in base 11?
123
Convert 3 (base 5) to base 16.
3
What is 1 (base 6) in base 14?
1
4 (base 11) to base 14
4
What is -9 (base 11) in base 15?
-9
Convert 220 (base 3) to base 7.
33
What is -132 (base 5) in base 6?
-110
-11 (base 3) to base 8
-4
-2 (base 7) to base 15
-2
63 (base 9) to base 11
52
-5 (base 15) to base 5
-10
What is -1a (base 11) in base 12?
-19
What is -22 (base 16) in base 6?
-54
Convert -26 (base 14) to base 9.
-37
-24 (base 5) to base 14
-10
-38 (base 16) to base 10
-56
Convert 0 (base 6) to base 14.
0
-33 (base 12) to base 8
-47
What is -37 (base 16) in base 2?
-110111
Convert 0 (base 5) to base 15.
0
Convert -6 (base 14) to base 8.
-6
What is -3 (base 8) in base 11?
-3
Convert -10 (base 2) to base 6.
-2
What is 351 (base 8) in base 9?
278
b0 (base 16) to base 6
452
Convert 6 (base 16) to base 10.
6
-4 (base 11) to base 2
-100
What is 7 (base 8) in base 3?
21
Convert 12 (base 4) to base 9.
6
Convert 7 (base 15) to base 10.
7
What is -6 (base 12) in base 15?
-6
2 (base 11) to base 6
2
What is -23 (base 5) in base 11?
-12
12 (base 3) to base 8
5
-101011 (base 3) to base 15
-134
Convert -20 (base 4) to base 13.
-8
What is -1024 (base 5) in base 14?
-9d
What is 3e (base 16) in base 15?
42
-315 (base 7) to base 11
-135
Convert 336 (base 7) to base 3.
20110
What is 17 (base 14) in base 16?
15
What is 0 (base 4) in base 3?
0
What is 25 (base 8) in base 9?
23
Convert 1211 (base 3) to base 4.
301
-303 (base 7) to base 14
-aa
-3 (base 6) to base 3
-10
Convert -100 (base 2) to base 16.
-4
What is -11011 (base 2) in base 6?
-43
2 (base 16) to base 7
2
What is 21 (base 9) in base 2?
10011
-3a (base 15) to base 11
-50
What is 1104 (base 5) in base 7?
310
11212 (base 3) to base 15
8b
What is 13 (base 11) in base 14?
10
-45 (base 11) to base 16
-31
Convert 4 (base 11) to base 14.
4
-11110 (base 2) to base 10
-30
What is -2 (base 5) in base 7?
-2
Convert -43 (base 12) to base 11.
-47
Convert 3d (base 14) to base 16.
37
What is 2 (base 13) in base 4?
2
What is -4 (base 5) in base 8?
-4
What is -199 (base 10) in base 4?
-3013
Convert 13 (base 9) to base 3.
110
Convert -1 (base 11) to base 12.
-1
Convert -142 (base 7) to base 4.
-1033
Convert -b (base 13) to base 9.
-12
What is 57 (base 9) in base 11?
48
-1000111 (base 2) to base 11
-65
Convert 0 (base 4) to base 3.
0
Convert -4 (base 7) to base 16.
-4
-433 (base 6) to base 16
-a5
What is -1 (base 9) in base 13?
-1
Wh